e prime factors of d?
2, 3
Suppose -4*w = 5*u + 42 - 146, -w = -5*u + 124. List the prime factors of u.
2, 3
Let p(m) = -m - 26*m**3 + 4*m - m - m. List the prime factors of p(-1).
5
Suppose 3*d - 2*d = -4*u + 63, -58 = -4*u - 2*d. List the prime factors of u.
17
Suppose 0 = -2*g + 8 + 60. Suppose -31 - g = -5*k. List the prime factors of k.
13
Let v(r) = -5*r - 3. Let p be v(-6). What are the prime factors of (-1)/(78/p - 3)?
3
List the prime factors of 597/9 - (-6)/(-18).
2, 3, 11
Suppose -4*c - 16 = 3*n, 25 = 4*n - 4*c + 9. Let q = n - -1. List the prime factors of q - (-6 + 2/1).
5
Suppose 32 + 16 = 4*h. Let r be h/4 + (-3)/1. Suppose 0 = 3*u - r*u - 48. What are the prime factors of u?
2
Suppose 0 = -0*x - 4*x + 2*g + 58, 23 = 2*x - 3*g. Suppose -5*l - 32 = -n - 3, x = 4*n. List the prime factors of 58/10 + (-1)/l.
2, 3
Let f(z) = -z**2 - z**3 + 3 - 6 + 2. Let y be f(-2). List the prime factors of 2/y - (-32)/6.
2, 3
Suppose -c + 22 = -15. List the prime factors of c.
37
Let q = 7 + -2. Let a = -3 - q. What are the prime factors of a/28 + (-46)/(-14)?
3
Suppose -5*c + 8 = -c + 5*y, 10 = 5*c - 4*y. Let j = c + 8. What are the prime factors of j?
2, 5
Let v be (-2)/((-4)/(-3) + -1). What are the prime factors of (-44)/v - (-10)/15?
2
Suppose -i = -2*j + 35, -2*j - 47 - 53 = 4*i. Let g = -15 - i. List the prime factors of g.
2, 3
Let z be 6 - (-1)/(0 - -1). Let a = z + 1. List the prime factors of a.
2
Suppose -n + 28 = -24. Suppose -c = 4, -4*b - 5*c = -3*c - n. Suppose -4*m + 51 = t, -2*m = -m - 2*t - b. List the prime factors of m.
13
Suppose 0*s = 2*r - 3*s - 3, -4*s = 5*r - 65. Suppose t + 2*t = r. Suppose z + t = 2*z, -38 = -5*f - z. What are the prime factors of f?
7
Suppose -3*l + 5*l = 20. Let x(m) = m**3 + m**2 - 3*m - 2. Let b be x(-2). Suppose b*r - r = -l. What are the prime factors of r?
2, 5
Suppose 0 = 5*n + 5*l - 150, 4*n + 0*n - 88 = 4*l. What are the prime factors of n?
2, 13
Suppose 5*c - 402 = 5*t - 162, -4*c + 157 = 3*t. List the prime factors of c.
43
Suppose -4*l = -6*l + 20. List the prime factors of l.
2, 5
Let p = 274 + -179. List the prime factors of p.
5, 19
Suppose 7*f - 2*f = 0. Suppose 2*z - z - 13 = f. What are the prime factors of z?
13
Let t(o) be the third derivative of o**5/24 - 7*o**4/24 - o**3/2 - o**2. Let s(y) be the first derivative of t(y). What are the prime factors of s(5)?
2, 3
Let r(d) = d - 10. Let n be r(7). Let s(p) = p**3 + 4*p**2 - 4. Let y be s(n). Suppose 2*g + 15 = y*g. List the prime factors of g.
5
Let d(u) be the second derivative of -u**3/6 + 3*u**2 - u. Let q = 7 + -13. What are the prime factors of d(q)?
2, 3
Let u = 51 - 109. Let s = -28 - u. List the prime factors of s.
2, 3, 5
Suppose 4*s + 5 = 5*s. Suppose -s*l = 3*f - 44, l = 2*f - 4*l + 4. List the prime factors of f.
2
Let g = -223 + 396. What are the prime factors of g?
173
Let b = -82 - -130. What are the prime factors of b?
2, 3
What are the prime factors of 34*3*(-1)/(-6)?
17
Let g(p) = 6*p - 1. Let n = -2 - -4. What are the prime factors of g(n)?
11
Let v be 0 + -2 + 0 - -6. Suppose 1 = -g + v. Suppose -g*k = -0*k - 27. What are the prime factors of k?
3
Suppose 2*y = -z + 3*y + 17, -5*z + 3*y = -81. Suppose 3*t + z = 6*t. What are the prime factors of t?
5
Suppose -3*v = 5*l - 158, 3*v + v = -2*l + 66. What are the prime factors of l?
31
Let k(d) = 8*d + 10. Let f = 15 - 12. What are the prime factors of k(f)?
2, 17
Let s = 199 + 135. What are the prime factors of s?
2, 167
Suppose 19*b - 1473 = 3695. List the prime factors of b.
2, 17
Let b = -48 + 90. List the prime factors of b.
2, 3, 7
Let u be 3 - 0*(-4)/(-16). Suppose -47 = -5*f - r - u*r, -f + 3*r - 2 = 0. What are the prime factors of f?
7
What are the prime factors of -1 + -2 + 420/4?
2, 3, 17
Suppose -b = 4*c - 4*b - 11, 5*c - b = 22. Suppose -c*u + 6 + 19 = 0. What are the prime factors of u?
5
Let n = -10 + 7. Let s be (-2)/(-1) - (n - -3). What are the prime factors of (s/6 + 1)*9?
2, 3
Let s = 115 + -93. What are the prime factors of s?
2, 11
Let p = -11 - -15. Let t(v) be the first derivative of v**3/3 - v**2 - 5*v - 2. List the prime factors of t(p).
3
Suppose -96 = -2*v + 32. List the prime factors of v.
2
Suppose 4*g = 13 - 1. Suppose -52 = -2*p - 2*f, f = -g*p - 3*f + 76. What are the prime factors of p?
2, 7
Suppose 10 + 77 = 3*x. Suppose 0 = 3*d - 3, 0 = -4*q - 4*d - d + x. List the prime factors of q.
2, 3
Suppose 20 = 2*m - 0*m. Let a = 6 - m. What are the prime factors of 0 - 1 - 20/a?
2
What are the prime factors of (-3 - (-134)/10) + (-2)/5?
2, 5
List the prime factors of 46 - (-3 - -2 - -5).
2, 3, 7
Let n be 0 + 2 + -2 + -11. Let a(u) = u + 13. What are the prime factors of a(n)?
2
Let z(u) = 2*u**2 + 2*u - 3. Let s be z(-3). Suppose 4*o = s + 31. What are the prime factors of o?
2, 5
Suppose 74 = 3*j + d + d, -2*j - 2*d = -48. List the prime factors of j.
2, 13
Suppose -4*k = -2*p - 24, k - 2*p - 3*p - 24 = 0. Let i(r) = r - 5. Let a be i(k). What are the prime factors of 22/8 + a/(-4)?
3
Suppose -2*q + 128 = 6*q. List the prime factors of q.
2
Let p = 5 - 4. Let d(c) = -14*c + 1. Let q be d(p). Let n = q - -31. List the prime factors of n.
2, 3
What are the prime factors of 60/18 + (-4)/(-6) + 0?
2
Let s = 2 + -1. Let l(h) = 2*h + h**3 - h**3 + h**3 + s - 5*h**2. What are the prime factors of l(5)?
11
Suppose 4*f = 28 + 48. Suppose -2*l = -2, -3*a + f = -a + l. List the prime factors of a.
3
Let y(n) = -n**3 + 4*n**2 - 2*n - 1. Let f be y(2). Suppose -4*b = t - 26, -3*t + f*b - 2*b = -52. What are the prime factors of 40/18 - 4/t?
2
Suppose 172 = 5*d + 27. Suppose -5*o + 79 = d. List the prime factors of o.
2, 5
Let q(a) = 2*a**3 - 2*a**2 - 2*a + 4. List the prime factors of q(3).
2, 17
Suppose 0 = 2*h - 2 - 8. Let y(r) = -r**3 + 6*r**2 - 3*r + 5. List the prime factors of y(h).
3, 5
Let p be ((-12)/5)/(6/(-120)). Suppose -5*u - 3 = -p. Suppose 0 = -9*r + 6*r + u. What are the prime factors of r?
3
Let f = 208 - 62. List the prime factors of f.
2, 73
Suppose -4*o - 8 = -8*o. Let b(t) = 5*t**2 - 3*t + 3. List the prime factors of b(o).
17
Suppose -187 = -2*p - 3*i, 0*p = -p - i + 96. What are the prime factors of p?
101
Suppose -x + 4 = -5*n, -n + x - 4 = 3*n. Suppose 0 = -4*s + 2*u + 42, -3*s + 2*s + 2*u + 9 = n. What are the prime factors of s?
11
Suppose 0*z + 4*z - 124 = 0. What are the prime factors of z?
31
Let r = 8 + -6. Suppose q = -3*y + 30, -3*y + q = -r*q - 18. What are the prime factors of y?
3
Suppose x = 2*u - 3*u + 67, 0 = 3*x + u - 205. What are the prime factors of x?
3, 23
Let h(y) = -y**3 + 5*y**2 + 4*y - 5. Let c(b) = b**2 - 3*b - 3. Let k be c(6). Suppose -k = -m - 2*m. List the prime factors of h(m).
3, 5
Suppose 3*k - f - 64 = k, 3*f = -2*k + 48. What are the prime factors of k?
2, 3, 5
Let k = -1 + -1. List the prime factors of -4 + 1 - -5 - k.
2
Let d(o) = 3*o**2 - o. Let h(t) = -t**3 - 2*t**2 - 3*t - 1. Let n be h(-2). Let j = n - 3. What are the prime factors of d(j)?
2, 5
List the prime factors of -3 + 82 - (-2 + 3 - 2).
2, 5
Let b = 2 + 0. Suppose -3*r - 3*n = -15, -4*n + n + 10 = -b*r. Let c = 1 + r. What are the prime factors of c?
2
Let u = 6 + -12. Let g = u + 8. List the prime factors of g.
2
Suppose 469 = 5*b + 3*x, -3*x = b + 44 - 145. List the prime factors of b.
2, 23
Let u(s) = -5*s + 2*s + 2*s + 0*s + 10. Let j be u(0). Let q = j + -7. List the prime factors of q.
3
Let h be 3/((-3)/20)*-1. Let r = 14 - h. Let y(b) = -b**3 - 5*b**2 + 5*b + 7. What are the prime factors of y(r)?
13
Let d = -8 - -13. What are the prime factors of d?
5
Suppose -84 = -4*s + s. What are the prime factors of s?
2, 7
Let o be (-4)/22 - (-2485)/55. Suppose 0*u + 3*u = o. What are the prime factors of u?
3, 5
Let y(m) = -m + 8. Let o = -2 + 4. Let g(t) = -6*t + 57. Let h(v) = o*g(v) - 15*y(v). List the prime factors of h(6).
2, 3
Let v(y) = -y**2 - 13*y - 6. List the prime factors of v(-10).
2, 3
Suppose 0 = -m - 0 - 1. Let z(k) = -12*k**3 + k**2 - k - 1. Let l be z(m). Let g = -7 + l. What are the prime factors of g?
2, 3
Suppose -6*w + 3*w + 27 = 0. Let p = w - -4. Suppose p = 3*u - 11. What are the prime factors of u?
2
Suppose 2 + 2 = 2*h. List the prime factors of (h/4)/((-1)/(-34)).
17
Let n be (-2)/(3/(-21)*-2). Le